
List the prime factors of 2024185.
5, 404837
List the prime factors of 4807364.
2, 1201841
List the prime factors of 3066942.
2, 3, 19, 26903
List the prime factors of 15604.
2, 47, 83
What are the prime factors of 199423?
7, 31, 919
What are the prime factors of 141668?
2, 107, 331
List the prime factors of 712246.
2, 356123
What are the prime factors of 5185245?
3, 5, 13, 26591
List the prime factors of 1428429.
3, 476143
List the prime factors of 1660596.
2, 3, 7, 53, 373
List the prime factors of 23565.
3, 5, 1571
List the prime factors of 341702.
2, 170851
What are the prime factors of 2653097?
2653097
What are the prime factors of 577257?
3, 317, 607
What are the prime factors of 16734071?
131, 139, 919
What are the prime factors of 6741667?
271, 24877
What are the prime factors of 29739?
3, 23, 431
List the prime factors of 6507537.
3, 853, 2543
List the prime factors of 6118754.
2, 3059377
List the prime factors of 490787.
11, 44617
What are the prime factors of 1247407?
7, 19, 83, 113
List the prime factors of 192033.
3, 19, 1123
What are the prime factors of 346619?
7, 13, 293
What are the prime factors of 11490871?
7, 101, 16253
List the prime factors of 176382.
2, 3, 41, 239
What are the prime factors of 1225673?
61, 71, 283
List the prime factors of 9036871.
53, 167, 1021
List the prime factors of 2886551.
1103, 2617
List the prime factors of 6543454.
2, 23, 59, 2411
List the prime factors of 11913521.
1373, 8677
List the prime factors of 5270.
2, 5, 17, 31
What are the prime factors of 1723684?
2, 430921
What are the prime factors of 226674?
2, 3, 7, 257
What are the prime factors of 3111867?
3, 11, 17, 43
What are the prime factors of 2295211?
43, 53377
List the prime factors of 270618.
2, 3, 23, 37, 53
List the prime factors of 24567769.
127, 193447
List the prime factors of 2187629.
2187629
List the prime factors of 11870877.
3, 19, 208261
What are the prime factors of 2476?
2, 619
What are the prime factors of 1563057?
3, 23, 839
List the prime factors of 11725516.
2, 11, 266489
What are the prime factors of 383750?
2, 5, 307
What are the prime factors of 1785833?
7, 17, 43, 349
What are the prime factors of 10513153?
7, 1051, 1429
List the prime factors of 2074040.
2, 5, 19, 2729
List the prime factors of 382882.
2, 191441
List the prime factors of 131677.
7, 13, 1447
List the prime factors of 4290078.
2, 3, 13, 55001
What are the prime factors of 266391?
3, 29599
List the prime factors of 1609860.
2, 3, 5, 7, 3833
List the prime factors of 342464.
2, 5351
What are the prime factors of 594221?
47, 269
List the prime factors of 162944.
2, 19, 67
What are the prime factors of 12844364?
2, 13, 247007
What are the prime factors of 1789145?
5, 357829
List the prime factors of 373281.
3, 124427
What are the prime factors of 21997751?
21997751
What are the prime factors of 662867?
662867
What are the prime factors of 1009296?
2, 3, 43, 163
List the prime factors of 2514399.
3, 838133
List the prime factors of 3570.
2, 3, 5, 7, 17
List the prime factors of 1067091.
3, 355697
List the prime factors of 4216159.
683, 6173
List the prime factors of 305834.
2, 29, 5273
What are the prime factors of 2689228?
2, 29, 97, 239
What are the prime factors of 331355?
5, 66271
What are the prime factors of 5685977?
11, 516907
List the prime factors of 5493535.
5, 1098707
What are the prime factors of 58012?
2, 14503
What are the prime factors of 3574918?
2, 1787459
What are the prime factors of 7989355?
5, 11, 29, 5009
What are the prime factors of 1473472?
2, 7, 11, 13, 23
List the prime factors of 686670.
2, 3, 5, 47, 487
What are the prime factors of 9353436?
2, 3, 83, 9391
List the prime factors of 207071.
53, 3907
List the prime factors of 69800.
2, 5, 349
What are the prime factors of 5691392?
2, 7, 397
List the prime factors of 18580.
2, 5, 929
What are the prime factors of 251178?
2, 3, 41863
What are the prime factors of 376119?
3, 23, 79
List the prime factors of 2827207.
37, 43, 1777
What are the prime factors of 7320548?
2, 19, 96323
What are the prime factors of 14920469?
14920469
List the prime factors of 6843286.
2, 499, 6857
What are the prime factors of 11113748?
2, 31, 89627
What are the prime factors of 527640?
2, 3, 5, 4397
List the prime factors of 416493.
3, 7, 11, 601
What are the prime factors of 1655044?
2, 89, 4649
What are the prime factors of 10951169?
113, 199, 487
What are the prime factors of 845248?
2, 47, 281
List the prime factors of 370236.
2, 3, 30853
What are the prime factors of 15868?
2, 3967
What are the prime factors of 10383071?
53, 195907
What are the prime factors of 413240?
2, 5, 10331
What are the prime factors of 365157?
3, 13, 3121
What are the prime factors of 18347221?
18347221
List the prime factors of 108173.
13, 53, 157
What are the prime factors of 1497251?
7, 107, 1999
List the prime factors of 1855492.
2, 463873
What are the prime factors of 14473214?
2, 7, 1033801
What are the prime factors of 224917?
7, 11, 23, 127
List the prime factors of 2091893.
359, 5827
List the prime factors of 7818475.
5, 7, 43, 1039
What are the prime factors of 644080?
2, 5, 83, 97
List the prime factors of 60209.
60209
What are the prime factors of 234321?
3, 37, 2111
List the prime factors of 87712.
2, 2741
List the prime factors of 8537558.
2, 53, 239, 337
List the prime factors of 66952.
2, 8369
List the prime factors of 1050932.
2, 262733
List the prime factors of 18285813.
3, 7, 13, 83, 269
What are the prime factors of 14093765?
5, 7, 17, 23687
List the prime factors of 443333.
11, 41, 983
What are the prime factors of 2075226?
2, 3, 157, 2203
List the prime factors of 44992.
2, 19, 37
List the prime factors of 2908767.
3, 19, 51031
What are the prime factors of 476730?
2, 3, 5, 5297
List the prime factors of 11329569.
3, 109, 11549
List the prime factors of 1094400.
2, 3, 5, 19
List the prime factors of 1274109.
3, 239, 1777
What are the prime factors of 12513148?
2, 227, 13781
List the prime factors of 261235.
5, 13, 4019
List the prime factors of 343484.
2, 43, 1997
What are the prime factors of 2774762?
2, 53, 26177
List the prime factors of 29250713.
643, 45491
List the prime factors of 23888515.
5, 7, 61, 67, 167
What are the prime factors of 10974061?
7, 17, 92219
What are the prime factors of 660762?
2, 3, 36709
What are the prime factors of 184813?
19, 71, 137
List the prime factors of 2423984.
2, 151499
List the prime factors of 37045462.
2, 3041, 6091
What are the prime factors of 4173575?
5, 7, 3407
What are the prime factors of 927191?
927191
List the prime factors of 156057.
3, 11, 4729
What are the prime factors of 1063945?
5, 17, 12517
List the prime factors of 299902.
2, 113, 1327
List the prime factors of 563390.
2, 5, 53, 1063
What are the prime factors of 86491?
86491
What are the prime factors of 7369451?
29, 254119
What are the prime factors of 2435?
5, 487
List the prime factors of 33328.
2, 2083
What are the prime factors of 8338528?
2, 11, 23689
List the prime factors of 952198.
2, 13, 53, 691
What are the prime factors of 91717?
41, 2237
List the prime factors of 563636.
2, 140909
What are the prime factors of 205440?
2, 3, 5, 107
List the prime factors of 329680.
2, 5, 13, 317
What are the prime factors of 2680796?
2, 670199
What are the prime factors of 1894194?
2, 3, 47, 2239
What are the prime factors of 27821?
43, 647
What are the prime factors of 256979?
23, 11173
What are the prime factors of 75052?
2, 29, 647
What are the prime factors of 785301?
3, 11, 53, 449
What are the prime factors of 38990223?
3, 19, 228013
What are the prime factors of 15283016?
2, 7, 272911
What are the prime factors of 666193?
11, 71, 853
What are the prime factors of 3621770?
2, 5, 362177
What are the prime factors of 34303065?
3, 5, 73, 31327
List the prime factors of 262291.
31, 8461
List the prime factors of 1294311.
3, 317, 1361
List the prime factors of 603218.
2, 7, 11, 3917
List the prime factors of 269743.
19, 14197
What are the prime factors of 496252?
2, 97, 1279
List the prime factors of 18428904.
2, 3, 13, 6563
What are the prime factors of 25299?
3, 937
List the prime factors of 1540270.
2, 5, 154027
What are the prime factors of 291146?
2, 149, 977
List the prime factors of 1